{"id":892,"date":"2026-08-14T16:04:53","date_gmt":"2026-08-14T14:04:53","guid":{"rendered":"https:\/\/www.lindenhof.bz\/?page_id=892"},"modified":"2026-08-27T15:45:51","modified_gmt":"2026-08-27T13:45:51","slug":"prezzi","status":"publish","type":"page","link":"https:\/\/www.lindenhof.bz\/it\/prezzi\/","title":{"rendered":"Prezzi"},"content":{"rendered":"\n<h1 class=\"wp-block-heading has-text-align-center\">Prezzi &amp; condizioni<\/h1>\n\n\n\n<h2 class=\"wp-block-heading has-text-align-center\">Prezzi &amp; disponibilit\u00e0<\/h2>\n\n\n\n<p class=\"has-text-align-center wp-block-paragraph\">I prezzi aggiornati e la disponibilit\u00e0 dei nostri appartamenti sono consultabili direttamente nel nostro modulo di prenotazione.<\/p>\n\n\n\n<div class=\"wp-block-buttons is-content-justification-center is-layout-flex wp-container-core-buttons-is-layout-3e41869c wp-block-buttons-is-layout-flex\">\n<div class=\"wp-block-button\"><a class=\"wp-block-button__link wp-element-button\" href=\"https:\/\/www.lindenhof.bz\/it\/prenota\/\">Verifica prezzi &amp; disponibilit\u00e0<\/a><\/div>\n<\/div>\n\n\n\n<hr class=\"wp-block-separator has-alpha-channel-opacity\" style=\"margin-top:var(--wp--preset--spacing--128);margin-bottom:var(--wp--preset--spacing--128)\"\/>\n\n\n\n<h2 id=\"agb\" class=\"wp-block-heading\">Condizioni generali<\/h2>\n\n\n\n<h3 class=\"wp-block-heading\">Prezzi &amp; servizi inclusi<\/h3>\n\n\n\n<p class=\"wp-block-paragraph\">I prezzi indicati sono espressi in euro per appartamento e giorno, per il numero di persone specificato. I bambini fino al compimento dei 3 anni soggiornano gratuitamente.<\/p>\n\n\n\n<p class=\"wp-block-paragraph\">Per soggiorni inferiori alla durata minima prevista per la stagione pu\u00f2 essere applicato un supplemento.<\/p>\n\n\n\n<p class=\"wp-block-paragraph\">Il prezzo comprende:<\/p>\n\n\n\n<ul class=\"wp-block-list\">\n<li>stoviglie e utensili da cucina <\/li>\n\n\n\n<li>biancheria da letto <\/li>\n\n\n\n<li>asciugamani e teli da bagno <\/li>\n\n\n\n<li>articoli da toilette<\/li>\n\n\n\n<li> sedie a sdraio lettino per bambini <\/li>\n\n\n\n<li>zaino portabambini da trekking <\/li>\n\n\n\n<li>seggiolone <\/li>\n\n\n\n<li>acqua, elettricit\u00e0 e riscaldamento <\/li>\n\n\n\n<li>pulizia finale <\/li>\n\n\n\n<li>Wi-Fi <\/li>\n\n\n\n<li>IVA<\/li>\n<\/ul>\n\n\n\n<p class=\"wp-block-paragraph\">Lavatrice, asciugatrice e ferro da stiro possono essere utilizzati pagando un piccolo supplemento.<\/p>\n\n\n\n<h3 class=\"wp-block-heading\">Imposta di soggiorno<\/h3>\n\n\n\n<p class=\"wp-block-paragraph\">L\u2019imposta di soggiorno \u00e8 pari a 2,50 \u20ac a persona al giorno e viene addebitata in aggiunta al prezzo del pernottamento. I bambini e i ragazzi di et\u00e0 inferiore ai 14 anni sono esenti dall\u2019imposta di soggiorno.<\/p>\n\n\n\n<h3 class=\"wp-block-heading\">Arrivo &amp; partenza<\/h3>\n\n\n\n<p class=\"wp-block-paragraph\">Da aprile a ottobre, il sabato \u00e8 il nostro regolare giorno di arrivo e partenza. Da novembre a marzo, il giorno di arrivo pu\u00f2 essere scelto liberamente.<\/p>\n\n\n\n<p class=\"wp-block-paragraph\">In alternativa: da aprile a ottobre i nostri appartamenti vengono affittati su base settimanale, con arrivo e partenza il sabato. Da novembre a marzo, arrivo e partenza possono essere concordati individualmente.<\/p>\n\n\n\n<p class=\"wp-block-paragraph\">Il giorno dell\u2019arrivo, l\u2019appartamento \u00e8 a vostra disposizione a partire dalle ore 14:00. Il giorno della partenza vi chiediamo di liberarlo entro le ore 9:30. In alcuni casi \u00e8 possibile accedere all\u2019appartamento anche prima.<\/p>\n\n\n\n<h3 class=\"wp-block-heading\">Validit\u00e0 delle nostre offerte<\/h3>\n\n\n\n<p class=\"wp-block-paragraph\">Le nostre offerte si basano sulla disponibilit\u00e0 presente al momento della loro preparazione. Poich\u00e9 la disponibilit\u00e0 pu\u00f2 cambiare in qualsiasi momento, le offerte non garantiscono la disponibilit\u00e0 per un determinato periodo di tempo. Se avete bisogno di qualche giorno per decidere, vi preghiamo di comunicarcelo.<\/p>\n\n\n\n<h3 class=\"wp-block-heading\">Prenotazione &amp; caparra<\/h3>\n\n\n\n<p class=\"wp-block-paragraph\">Per rendere vincolante la prenotazione \u00e8 richiesta una <strong>caparra confirmatoria pari al 30% del prezzo totale<\/strong>. La caparra deve essere versata entro due settimane dalla prenotazione.<\/p>\n\n\n\n<p class=\"wp-block-paragraph\">Vi comunicheremo le nostre coordinate bancarie via e-mail. Come causale del pagamento, vi preghiamo di indicare il nome dell\u2019appartamento e le date di arrivo e partenza.<\/p>\n\n\n\n<p class=\"wp-block-paragraph\">In caso di regolare svolgimento del soggiorno, la caparra verr\u00e0 interamente detratta dal prezzo totale.<\/p>\n\n\n\n<h3 class=\"wp-block-heading\">Pagamento<\/h3>\n\n\n\n<p class=\"wp-block-paragraph\">Il saldo pu\u00f2 essere pagato durante il soggiorno in contanti o con carta. In alternativa \u00e8 possibile effettuare un bonifico bancario. In questo caso, l\u2019importo dovr\u00e0 essere accreditato sul nostro conto entro il giorno della partenza.<\/p>\n\n\n\n<h3 class=\"wp-block-heading\">Conferma della prenotazione<\/h3>\n\n\n\n<p class=\"wp-block-paragraph\">Una volta ricevuta la caparra concordata, l\u2019appartamento scelto sar\u00e0 riservato per voi in modo vincolante. Al vostro arrivo troverete l\u2019appartamento in perfetto ordine e pulito.<\/p>\n\n\n\n<h3 class=\"wp-block-heading\">Condizioni di cancellazione<\/h3>\n\n\n\n<p class=\"wp-block-paragraph\">Qualora non possiate iniziare la vostra vacanza o dobbiate abbreviare il soggiorno, vi preghiamo di informarci il prima possibile. Se riusciremo ad affittare nuovamente l\u2019appartamento, potremo ridurre o rinunciare del tutto alle spese di cancellazione.<\/p>\n\n\n\n<p class=\"wp-block-paragraph\">In caso di cancellazione si applicano le seguenti penali<\/p>\n\n\n\n<ul class=\"wp-block-list\">\n<li>fino a 60 giorni prima dell\u2019inizio del soggiorno: <strong>10% del prezzo totale<\/strong> <\/li>\n\n\n\n<li>fino a 30 giorni prima dell\u2019inizio del soggiorno: <strong>30% del prezzo totale<\/strong><\/li>\n\n\n\n<li>fino a 15 giorni prima dell\u2019inizio del soggiorno: <strong>50% del prezzo totale<\/strong> <\/li>\n\n\n\n<li>fino a 8 giorni prima dell\u2019inizio del soggiorno: <strong>70% del prezzo totale<\/strong> <\/li>\n\n\n\n<li>a partire da 7 giorni prima dell\u2019inizio del soggiorno, nonch\u00e9 in caso di mancato arrivo, arrivo posticipato o partenza anticipata: <strong>90% del prezzo totale<\/strong><\/li>\n<\/ul>\n\n\n\n<p class=\"wp-block-paragraph\">La caparra confirmatoria gi\u00e0 versata sar\u00e0 trattenuta in caso di cancellazione e conteggiata ai fini delle relative spese di cancellazione.<\/p>\n\n\n\n<p class=\"wp-block-paragraph\">Consigliamo di stipulare un\u2019assicurazione contro l\u2019annullamento del viaggio. Si prega di considerare che, di norma, tale assicurazione deve essere stipulata poco dopo la prenotazione.<\/p>\n\n\n\n<p class=\"wp-block-paragraph\">Le modifiche alla prenotazione, ad esempio un arrivo posticipato o una partenza anticipata, possono essere accolte solo in determinate circostanze.<\/p>\n\n\n\n<p class=\"wp-block-paragraph\">Per le prenotazioni dirette via e-mail e per quelle effettuate online tramite il nostro sito valgono le condizioni di cancellazione sopra indicate. Per le prenotazioni effettuate tramite portali esterni si applicano le condizioni di cancellazione indicate sui rispettivi portali.<\/p>\n\n\n\n<h3 class=\"wp-block-heading\">S\u00fcdtirol Guest Pass \u2013 S\u00fcdtirols S\u00fcden Card<\/h3>\n\n\n\n<p class=\"wp-block-paragraph\">Come ospiti del Lindenhof riceverete per tutta la durata del soggiorno il <strong>S\u00fcdtirol Guest Pass (S\u00fcdtirols S\u00fcden Card)<\/strong>.<\/p>\n\n\n\n<p class=\"wp-block-paragraph\">Tutte le informazioni sui servizi inclusi e sulle modalit\u00e0 di utilizzo sono disponibili sulla nostra pagina <strong><a href=\"https:\/\/www.lindenhof.bz\/it\/sudtirols-suden-card\/\" data-type=\"page\" data-id=\"900\">S\u00fcdtirols S\u00fcden Card<\/a><\/strong>.<\/p>\n\n\n\n<h3 class=\"wp-block-heading\">Non fumatori &amp; animali domestici<\/h3>\n\n\n\n<p class=\"wp-block-paragraph\">I nostri appartamenti sono riservati ai non fumatori. \u00c8 possibile fumare sui balconi.<\/p>\n\n\n\n<p class=\"wp-block-paragraph\">Gli animali domestici non sono ammessi nei nostri appartamenti.<\/p>\n","protected":false},"excerpt":{"rendered":"<p>Prezzi &amp; condizioni Prezzi &amp; disponibilit\u00e0 I prezzi aggiornati e la disponibilit\u00e0 dei nostri appartamenti sono consultabili direttamente nel nostro modulo di prenotazione. Condizioni generali Prezzi &amp; servizi inclusi I prezzi indicati sono espressi in euro per appartamento e giorno, per il numero di persone specificato. I bambini fino al compimento dei 3 anni soggiornano [&hellip;]<\/p>\n","protected":false},"author":1,"featured_media":0,"parent":0,"menu_order":0,"comment_status":"closed","ping_status":"closed","template":"","meta":{"footnotes":""},"page_tag":[],"class_list":["post-892","page","type-page","status-publish","hentry"],"_links":{"self":[{"href":"https:\/\/www.lindenhof.bz\/it\/wp-json\/wp\/v2\/pages\/892","targetHints":{"allow":["GET"]}}],"collection":[{"href":"https:\/\/www.lindenhof.bz\/it\/wp-json\/wp\/v2\/pages"}],"about":[{"href":"https:\/\/www.lindenhof.bz\/it\/wp-json\/wp\/v2\/types\/page"}],"author":[{"embeddable":true,"href":"https:\/\/www.lindenhof.bz\/it\/wp-json\/wp\/v2\/users\/1"}],"replies":[{"embeddable":true,"href":"https:\/\/www.lindenhof.bz\/it\/wp-json\/wp\/v2\/comments?post=892"}],"version-history":[{"count":2,"href":"https:\/\/www.lindenhof.bz\/it\/wp-json\/wp\/v2\/pages\/892\/revisions"}],"predecessor-version":[{"id":909,"href":"https:\/\/www.lindenhof.bz\/it\/wp-json\/wp\/v2\/pages\/892\/revisions\/909"}],"wp:attachment":[{"href":"https:\/\/www.lindenhof.bz\/it\/wp-json\/wp\/v2\/media?parent=892"}],"wp:term":[{"taxonomy":"page_tag","embeddable":true,"href":"https:\/\/www.lindenhof.bz\/it\/wp-json\/wp\/v2\/page_tag?post=892"}],"curies":[{"name":"wp","href":"https:\/\/api.w.org\/{rel}","templated":true}]}}

<h1 class="wp-block-heading has-text-align-center">Prezzi &amp; condizioni</h1>



<h2 class="wp-block-heading has-text-align-center">Prezzi &amp; disponibilità</h2>



<p class="has-text-align-center wp-block-paragraph">I prezzi aggiornati e la disponibilità dei nostri appartamenti sono consultabili direttamente nel nostro modulo di prenotazione.</p>



<div class="wp-block-buttons is-content-justification-center is-layout-flex wp-container-core-buttons-is-layout-3e41869c wp-block-buttons-is-layout-flex">
<div class="wp-block-button"><a class="wp-block-button__link wp-element-button" href="https://www.lindenhof.bz/it/prenota/">Verifica prezzi &amp; disponibilità</a></div>
</div>



<hr class="wp-block-separator has-alpha-channel-opacity" style="margin-top:var(--wp--preset--spacing--128);margin-bottom:var(--wp--preset--spacing--128)"/>



<h2 id="agb" class="wp-block-heading">Condizioni generali</h2>



<h3 class="wp-block-heading">Prezzi &amp; servizi inclusi</h3>



<p class="wp-block-paragraph">I prezzi indicati sono espressi in euro per appartamento e giorno, per il numero di persone specificato. I bambini fino al compimento dei 3 anni soggiornano gratuitamente.</p>



<p class="wp-block-paragraph">Per soggiorni inferiori alla durata minima prevista per la stagione può essere applicato un supplemento.</p>



<p class="wp-block-paragraph">Il prezzo comprende:</p>



<ul class="wp-block-list">
<li>stoviglie e utensili da cucina </li>



<li>biancheria da letto </li>



<li>asciugamani e teli da bagno </li>



<li>articoli da toilette</li>



<li> sedie a sdraio lettino per bambini </li>



<li>zaino portabambini da trekking </li>



<li>seggiolone </li>



<li>acqua, elettricità e riscaldamento </li>



<li>pulizia finale </li>



<li>Wi-Fi </li>



<li>IVA</li>
</ul>



<p class="wp-block-paragraph">Lavatrice, asciugatrice e ferro da stiro possono essere utilizzati pagando un piccolo supplemento.</p>



<h3 class="wp-block-heading">Imposta di soggiorno</h3>



<p class="wp-block-paragraph">L’imposta di soggiorno è pari a 2,50 € a persona al giorno e viene addebitata in aggiunta al prezzo del pernottamento. I bambini e i ragazzi di età inferiore ai 14 anni sono esenti dall’imposta di soggiorno.</p>



<h3 class="wp-block-heading">Arrivo &amp; partenza</h3>



<p class="wp-block-paragraph">Da aprile a ottobre, il sabato è il nostro regolare giorno di arrivo e partenza. Da novembre a marzo, il giorno di arrivo può essere scelto liberamente.</p>



<p class="wp-block-paragraph">In alternativa: da aprile a ottobre i nostri appartamenti vengono affittati su base settimanale, con arrivo e partenza il sabato. Da novembre a marzo, arrivo e partenza possono essere concordati individualmente.</p>



<p class="wp-block-paragraph">Il giorno dell’arrivo, l’appartamento è a vostra disposizione a partire dalle ore 14:00. Il giorno della partenza vi chiediamo di liberarlo entro le ore 9:30. In alcuni casi è possibile accedere all’appartamento anche prima.</p>



<h3 class="wp-block-heading">Validità delle nostre offerte</h3>



<p class="wp-block-paragraph">Le nostre offerte si basano sulla disponibilità presente al momento della loro preparazione. Poiché la disponibilità può cambiare in qualsiasi momento, le offerte non garantiscono la disponibilità per un determinato periodo di tempo. Se avete bisogno di qualche giorno per decidere, vi preghiamo di comunicarcelo.</p>



<h3 class="wp-block-heading">Prenotazione &amp; caparra</h3>



<p class="wp-block-paragraph">Per rendere vincolante la prenotazione è richiesta una <strong>caparra confirmatoria pari al 30% del prezzo totale</strong>. La caparra deve essere versata entro due settimane dalla prenotazione.</p>



<p class="wp-block-paragraph">Vi comunicheremo le nostre coordinate bancarie via e-mail. Come causale del pagamento, vi preghiamo di indicare il nome dell’appartamento e le date di arrivo e partenza.</p>



<p class="wp-block-paragraph">In caso di regolare svolgimento del soggiorno, la caparra verrà interamente detratta dal prezzo totale.</p>



<h3 class="wp-block-heading">Pagamento</h3>



<p class="wp-block-paragraph">Il saldo può essere pagato durante il soggiorno in contanti o con carta. In alternativa è possibile effettuare un bonifico bancario. In questo caso, l’importo dovrà essere accreditato sul nostro conto entro il giorno della partenza.</p>



<h3 class="wp-block-heading">Conferma della prenotazione</h3>



<p class="wp-block-paragraph">Una volta ricevuta la caparra concordata, l’appartamento scelto sarà riservato per voi in modo vincolante. Al vostro arrivo troverete l’appartamento in perfetto ordine e pulito.</p>



<h3 class="wp-block-heading">Condizioni di cancellazione</h3>



<p class="wp-block-paragraph">Qualora non possiate iniziare la vostra vacanza o dobbiate abbreviare il soggiorno, vi preghiamo di informarci il prima possibile. Se riusciremo ad affittare nuovamente l’appartamento, potremo ridurre o rinunciare del tutto alle spese di cancellazione.</p>



<p class="wp-block-paragraph">In caso di cancellazione si applicano le seguenti penali</p>



<ul class="wp-block-list">
<li>fino a 60 giorni prima dell’inizio del soggiorno: <strong>10% del prezzo totale</strong> </li>



<li>fino a 30 giorni prima dell’inizio del soggiorno: <strong>30% del prezzo totale</strong></li>



<li>fino a 15 giorni prima dell’inizio del soggiorno: <strong>50% del prezzo totale</strong> </li>



<li>fino a 8 giorni prima dell’inizio del soggiorno: <strong>70% del prezzo totale</strong> </li>



<li>a partire da 7 giorni prima dell’inizio del soggiorno, nonché in caso di mancato arrivo, arrivo posticipato o partenza anticipata: <strong>90% del prezzo totale</strong></li>
</ul>



<p class="wp-block-paragraph">La caparra confirmatoria già versata sarà trattenuta in caso di cancellazione e conteggiata ai fini delle relative spese di cancellazione.</p>



<p class="wp-block-paragraph">Consigliamo di stipulare un’assicurazione contro l’annullamento del viaggio. Si prega di considerare che, di norma, tale assicurazione deve essere stipulata poco dopo la prenotazione.</p>



<p class="wp-block-paragraph">Le modifiche alla prenotazione, ad esempio un arrivo posticipato o una partenza anticipata, possono essere accolte solo in determinate circostanze.</p>



<p class="wp-block-paragraph">Per le prenotazioni dirette via e-mail e per quelle effettuate online tramite il nostro sito valgono le condizioni di cancellazione sopra indicate. Per le prenotazioni effettuate tramite portali esterni si applicano le condizioni di cancellazione indicate sui rispettivi portali.</p>



<h3 class="wp-block-heading">Südtirol Guest Pass – Südtirols Süden Card</h3>



<p class="wp-block-paragraph">Come ospiti del Lindenhof riceverete per tutta la durata del soggiorno il <strong>Südtirol Guest Pass (Südtirols Süden Card)</strong>.</p>



<p class="wp-block-paragraph">Tutte le informazioni sui servizi inclusi e sulle modalità di utilizzo sono disponibili sulla nostra pagina <strong><a href="https://www.lindenhof.bz/it/sudtirols-suden-card/" data-type="page" data-id="900">Südtirols Süden Card</a></strong>.</p>



<h3 class="wp-block-heading">Non fumatori &amp; animali domestici</h3>



<p class="wp-block-paragraph">I nostri appartamenti sono riservati ai non fumatori. È possibile fumare sui balconi.</p>



<p class="wp-block-paragraph">Gli animali domestici non sono ammessi nei nostri appartamenti.</p>

<p>Prezzi &amp; condizioni Prezzi &amp; disponibilità I prezzi aggiornati e la disponibilità dei nostri appartamenti sono consultabili direttamente nel nostro modulo di prenotazione. Condizioni generali Prezzi &amp; servizi inclusi I prezzi indicati sono espressi in euro per appartamento e giorno, per il numero di persone specificato. I bambini fino al compimento dei 3 anni soggiornano [&hellip;]</p>
